{"id":1265,"date":"2024-05-06T15:51:15","date_gmt":"2024-05-06T18:51:15","guid":{"rendered":"https:\/\/edtalp-bue.infd.edu.ar\/sitio\/?page_id=1265"},"modified":"2026-02-23T15:31:46","modified_gmt":"2026-02-23T18:31:46","slug":"orquesta-criolla-institucional","status":"publish","type":"page","link":"https:\/\/edtalp-bue.infd.edu.ar\/sitio\/orquesta-criolla-institucional\/","title":{"rendered":"ORQUESTA CRIOLLA INSTITUCIONAL"},"content":{"rendered":"\n<p>La <strong>Orquesta Criolla Institucional<\/strong> es un proyecto de extensi\u00f3n de representaci\u00f3n de la Escuela.<\/p>\n\n\n\n<p>En sus distintas presentaciones, tanto en eventos organizados por la escuela como en invitaciones a participar en distintos espacios de la comunidad, se pone en escena toda la diversidad y riqueza musical de nuestra cultura popular, difundiendo as\u00ed y dando a conocer a trav\u00e9s de dichas presentaciones las actividades y oferta acad\u00e9mica de la instituci\u00f3n.<\/p>\n\n\n\n<p>La Orquesta se conforma con una Direcci\u00f3n y una Codirecci\u00f3n, estudiantes, egresadxs, docentes e invitados extrainstitucionales.&nbsp;<\/p>\n\n\n\n<p>Quienes participan tienen la oportunidad de formar parte de una experiencia musical conjunta, presentarse en diferentes escenarios y a la vez habitar un espacio que se constituye en una valiosa ocasi\u00f3n de aprendizaje que aporta significativamente a su formaci\u00f3n.<\/p>\n\n\n\n<p>En el a\u00f1o<strong> 2023<\/strong> la Orquesta Criolla Institucional publica su primer \u00e1lbum \u00abVoz Danzando\u00bb.<\/p>\n\n\n\n<figure class=\"wp-block-gallery has-nested-images columns-default is-cropped wp-block-gallery-1 is-layout-flex\">\n<figure class=\"wp-block-image size-large\"><img decoding=\"async\" loading=\"lazy\" width=\"1900\" height=\"1264\" data-id=\"1438\"  src=\"https:\/\/edtalp-bue.infd.edu.ar\/sitio\/wp-content\/uploads\/2024\/05\/foto-OCI-jpg-Infod-1900x1264.jpg\" alt=\"\" class=\"wp-image-1438\" srcset=\"https:\/\/edtalp-bue.infd.edu.ar\/sitio\/wp-content\/uploads\/2024\/05\/foto-OCI-jpg-Infod-1900x1264.jpg 1900w, https:\/\/edtalp-bue.infd.edu.ar\/sitio\/wp-content\/uploads\/2024\/05\/foto-OCI-jpg-Infod-1000x665.jpg 1000w, https:\/\/edtalp-bue.infd.edu.ar\/sitio\/wp-content\/uploads\/2024\/05\/foto-OCI-jpg-Infod-768x511.jpg 768w, https:\/\/edtalp-bue.infd.edu.ar\/sitio\/wp-content\/uploads\/2024\/05\/foto-OCI-jpg-Infod-1536x1021.jpg 1536w, https:\/\/edtalp-bue.infd.edu.ar\/sitio\/wp-content\/uploads\/2024\/05\/foto-OCI-jpg-Infod-2048x1362.jpg 2048w\" sizes=\"(max-width: 1900px) 100vw, 1900px\" \/><\/figure>\n\n\n\n<figure class=\"wp-block-image size-large\"><img decoding=\"async\" loading=\"lazy\" width=\"1900\" height=\"1264\" data-id=\"1439\"  src=\"https:\/\/edtalp-bue.infd.edu.ar\/sitio\/wp-content\/uploads\/2024\/05\/OCI-FOTO-3-FLYER-INFOD-1900x1264.jpg\" alt=\"\" class=\"wp-image-1439\" srcset=\"https:\/\/edtalp-bue.infd.edu.ar\/sitio\/wp-content\/uploads\/2024\/05\/OCI-FOTO-3-FLYER-INFOD-1900x1264.jpg 1900w, https:\/\/edtalp-bue.infd.edu.ar\/sitio\/wp-content\/uploads\/2024\/05\/OCI-FOTO-3-FLYER-INFOD-1000x665.jpg 1000w, https:\/\/edtalp-bue.infd.edu.ar\/sitio\/wp-content\/uploads\/2024\/05\/OCI-FOTO-3-FLYER-INFOD-768x511.jpg 768w, https:\/\/edtalp-bue.infd.edu.ar\/sitio\/wp-content\/uploads\/2024\/05\/OCI-FOTO-3-FLYER-INFOD-1536x1021.jpg 1536w, https:\/\/edtalp-bue.infd.edu.ar\/sitio\/wp-content\/uploads\/2024\/05\/OCI-FOTO-3-FLYER-INFOD-2048x1362.jpg 2048w\" sizes=\"(max-width: 1900px) 100vw, 1900px\" \/><\/figure>\n<\/figure>\n\n\n\n<figure class=\"wp-block-embed is-type-video is-provider-youtube wp-block-embed-youtube wp-embed-aspect-16-9 wp-has-aspect-ratio\"><div class=\"wp-block-embed__wrapper\">\n<iframe loading=\"lazy\" title=\"VOZ DANZANDO - Orquesta Criolla Institucional de Escuela de Danzas Tradicionales Argentinas La Plata\" width=\"1200\" height=\"675\" src=\"https:\/\/www.youtube.com\/embed\/carL0Zt9EcY?feature=oembed\" frameborder=\"0\" allow=\"accelerometer; autoplay; clipboard-write; encrypted-media; gyroscope; picture-in-picture; web-share\" referrerpolicy=\"strict-origin-when-cross-origin\" allowfullscreen><\/iframe>\n<\/div><\/figure>\n","protected":false},"excerpt":{"rendered":"<p>La Orquesta Criolla Institucional es un proyecto de extensi\u00f3n de representaci\u00f3n de la Escuela. En sus distintas presentaciones, tanto en eventos organizados por la escuela como en invitaciones a participar en distintos espacios de la comunidad, se pone en escena toda la diversidad y riqueza musical de nuestra cultura popular, difundiendo as\u00ed y dando a &#8230; <a title=\"ORQUESTA CRIOLLA INSTITUCIONAL\" class=\"read-more\" href=\"https:\/\/edtalp-bue.infd.edu.ar\/sitio\/orquesta-criolla-institucional\/\" aria-label=\"More on ORQUESTA CRIOLLA INSTITUCIONAL\">[+]<\/a><\/p>\n","protected":false},"author":14,"featured_media":0,"parent":0,"menu_order":0,"comment_status":"closed","ping_status":"closed","template":"","meta":[],"acf":[],"_links":{"self":[{"href":"https:\/\/edtalp-bue.infd.edu.ar\/sitio\/wp-json\/wp\/v2\/pages\/1265"}],"collection":[{"href":"https:\/\/edtalp-bue.infd.edu.ar\/sitio\/wp-json\/wp\/v2\/pages"}],"about":[{"href":"https:\/\/edtalp-bue.infd.edu.ar\/sitio\/wp-json\/wp\/v2\/types\/page"}],"author":[{"embeddable":true,"href":"https:\/\/edtalp-bue.infd.edu.ar\/sitio\/wp-json\/wp\/v2\/users\/14"}],"replies":[{"embeddable":true,"href":"https:\/\/edtalp-bue.infd.edu.ar\/sitio\/wp-json\/wp\/v2\/comments?post=1265"}],"version-history":[{"count":5,"href":"https:\/\/edtalp-bue.infd.edu.ar\/sitio\/wp-json\/wp\/v2\/pages\/1265\/revisions"}],"predecessor-version":[{"id":2395,"href":"https:\/\/edtalp-bue.infd.edu.ar\/sitio\/wp-json\/wp\/v2\/pages\/1265\/revisions\/2395"}],"wp:attachment":[{"href":"https:\/\/edtalp-bue.infd.edu.ar\/sitio\/wp-json\/wp\/v2\/media?parent=1265"}],"curies":[{"name":"wp","href":"https:\/\/api.w.org\/{rel}","templated":true}]}}