{"id":708,"date":"2022-05-19T16:43:07","date_gmt":"2022-05-19T19:43:07","guid":{"rendered":"https:\/\/edtalp-bue.infd.edu.ar\/sitio\/?page_id=708"},"modified":"2026-03-05T09:27:21","modified_gmt":"2026-03-05T12:27:21","slug":"profesorado-en-danzas-orientacion-danzas-folkloricas","status":"publish","type":"page","link":"https:\/\/edtalp-bue.infd.edu.ar\/sitio\/carreras\/profesorado-en-danzas-orientacion-danzas-folkloricas\/","title":{"rendered":"PROFESORADO EN DANZAS (ORIENTACI\u00d3N DANZAS FOLKL\u00d3RICAS)"},"content":{"rendered":"\n<figure class=\"wp-block-image size-full is-resized is-style-default\"><img decoding=\"async\" loading=\"lazy\" src=\"https:\/\/edtalp-bue.infd.edu.ar\/sitio\/wp-content\/uploads\/2025\/12\/2026-EDTA-PLANES-DE-ESTUDIOS-PROF-FOLK-1.png\" alt=\"\" class=\"wp-image-2318\" width=\"1020\" height=\"1433\" srcset=\"https:\/\/edtalp-bue.infd.edu.ar\/sitio\/wp-content\/uploads\/2025\/12\/2026-EDTA-PLANES-DE-ESTUDIOS-PROF-FOLK-1.png 908w, https:\/\/edtalp-bue.infd.edu.ar\/sitio\/wp-content\/uploads\/2025\/12\/2026-EDTA-PLANES-DE-ESTUDIOS-PROF-FOLK-1-712x1000.png 712w, https:\/\/edtalp-bue.infd.edu.ar\/sitio\/wp-content\/uploads\/2025\/12\/2026-EDTA-PLANES-DE-ESTUDIOS-PROF-FOLK-1-768x1079.png 768w\" sizes=\"(max-width: 1020px) 100vw, 1020px\" \/><\/figure>\n\n\n\n<div class=\"wp-block-cover\" style=\"min-height:207px\"><span aria-hidden=\"true\" class=\"wp-block-cover__background has-background-dim-100 has-background-dim\" style=\"background-color:#e94849\"><\/span><div class=\"wp-block-cover__inner-container\">\n<h2 class=\"wp-block-heading\" id=\"h.kkx23hn133tq_l\"><a href=\"https:\/\/sites.google.com\/view\/artefolklaplata\/carreras\/carreras-tecnicatura-tango?authuser=0#h.kkx23hn133tq\"><\/a>DISE\u00d1O CURRICULAR DE LA CARRERA<br><br>PROFESORADO EN DANZAS (ORIENTACI\u00d3N DANZAS FOLKL\u00d3RICAS)<\/h2>\n\n\n\n<p>RESOLUCI\u00d3N: 177\/11<\/p>\n\n\n\n<div class=\"wp-block-buttons is-layout-flex\">\n<div class=\"wp-block-button has-custom-width wp-block-button__width-25 is-style-fill\"><a class=\"wp-block-button__link wp-element-button\" href=\"https:\/\/drive.google.com\/file\/d\/1GNaaUBsO1PAWP_2PS17NEsDdamdZN7Em\/view\" style=\"border-radius:0px\" target=\"_blank\" rel=\"https:\/\/drive.google.com\/file\/d\/1GNaaUBsO1PAWP_2PS17NEsDdamdZN7Em\/view noopener\">DESCARGAR AQU\u00cd<\/a><\/div>\n<\/div>\n<\/div><\/div>\n\n\n\n<div class=\"wp-block-cover\" style=\"min-height:207px\"><span aria-hidden=\"true\" class=\"wp-block-cover__background has-background-dim-100 has-background-dim\" style=\"background-color:#e94849\"><\/span><div class=\"wp-block-cover__inner-container\">\n<h2 class=\"wp-block-heading\" id=\"h.kkx23hn133tq_l\"><a href=\"https:\/\/sites.google.com\/view\/artefolklaplata\/carreras\/carreras-tecnicatura-tango?authuser=0#h.kkx23hn133tq\"><\/a><strong>MODALIDAD DE ACREDITACI\u00d3N Y CORRELATIVIDADES<\/strong><br><br>PROFESORADO EN DANZAS (ORIENTACI\u00d3N DANZAS FOLKL\u00d3RICAS)<\/h2>\n\n\n\n<div class=\"wp-block-buttons is-layout-flex\">\n<div class=\"wp-block-button has-custom-width wp-block-button__width-25 is-style-fill\"><a class=\"wp-block-button__link wp-element-button\" href=\"https:\/\/docs.google.com\/document\/d\/1rv0wxWoDc0DYkDru8ibg6U2Vo1P6UhIH\/edit?usp=sharing&amp;ouid=100315031821735615003&amp;rtpof=true&amp;sd=true\" style=\"border-radius:0px\" target=\"_blank\" rel=\"noreferrer noopener\">DESCARGAR AQU\u00cd<\/a><\/div>\n<\/div>\n<\/div><\/div>\n","protected":false},"excerpt":{"rendered":"","protected":false},"author":1,"featured_media":0,"parent":702,"menu_order":1,"comment_status":"closed","ping_status":"closed","template":"","meta":[],"acf":[],"_links":{"self":[{"href":"https:\/\/edtalp-bue.infd.edu.ar\/sitio\/wp-json\/wp\/v2\/pages\/708"}],"collection":[{"href":"https:\/\/edtalp-bue.infd.edu.ar\/sitio\/wp-json\/wp\/v2\/pages"}],"about":[{"href":"https:\/\/edtalp-bue.infd.edu.ar\/sitio\/wp-json\/wp\/v2\/types\/page"}],"author":[{"embeddable":true,"href":"https:\/\/edtalp-bue.infd.edu.ar\/sitio\/wp-json\/wp\/v2\/users\/1"}],"replies":[{"embeddable":true,"href":"https:\/\/edtalp-bue.infd.edu.ar\/sitio\/wp-json\/wp\/v2\/comments?post=708"}],"version-history":[{"count":19,"href":"https:\/\/edtalp-bue.infd.edu.ar\/sitio\/wp-json\/wp\/v2\/pages\/708\/revisions"}],"predecessor-version":[{"id":2458,"href":"https:\/\/edtalp-bue.infd.edu.ar\/sitio\/wp-json\/wp\/v2\/pages\/708\/revisions\/2458"}],"up":[{"embeddable":true,"href":"https:\/\/edtalp-bue.infd.edu.ar\/sitio\/wp-json\/wp\/v2\/pages\/702"}],"wp:attachment":[{"href":"https:\/\/edtalp-bue.infd.edu.ar\/sitio\/wp-json\/wp\/v2\/media?parent=708"}],"curies":[{"name":"wp","href":"https:\/\/api.w.org\/{rel}","templated":true}]}}