{"id":723,"date":"2022-05-20T08:41:17","date_gmt":"2022-05-20T11:41:17","guid":{"rendered":"https:\/\/edtalp-bue.infd.edu.ar\/sitio\/?page_id=723"},"modified":"2026-03-05T09:36:13","modified_gmt":"2026-03-05T12:36:13","slug":"tecnicatura-superior-en-interpretacion-y-coreografia-de-tango","status":"publish","type":"page","link":"https:\/\/edtalp-bue.infd.edu.ar\/sitio\/carreras\/tecnicatura-superior-en-interpretacion-y-coreografia-de-tango\/","title":{"rendered":"TECNICATURA SUPERIOR EN INTERPRETACI\u00d3N Y COREOGRAF\u00cdA DE TANGO"},"content":{"rendered":"\n<figure class=\"wp-block-image size-full is-resized\"><img decoding=\"async\" loading=\"lazy\" src=\"https:\/\/edtalp-bue.infd.edu.ar\/sitio\/wp-content\/uploads\/2025\/12\/2026-EDTA-PLANES-DE-ESTUDIOS-TEC-TANGO.png\" alt=\"\" class=\"wp-image-2319\" width=\"1021\" height=\"1435\" srcset=\"https:\/\/edtalp-bue.infd.edu.ar\/sitio\/wp-content\/uploads\/2025\/12\/2026-EDTA-PLANES-DE-ESTUDIOS-TEC-TANGO.png 908w, https:\/\/edtalp-bue.infd.edu.ar\/sitio\/wp-content\/uploads\/2025\/12\/2026-EDTA-PLANES-DE-ESTUDIOS-TEC-TANGO-712x1000.png 712w, https:\/\/edtalp-bue.infd.edu.ar\/sitio\/wp-content\/uploads\/2025\/12\/2026-EDTA-PLANES-DE-ESTUDIOS-TEC-TANGO-768x1079.png 768w\" sizes=\"(max-width: 1021px) 100vw, 1021px\" \/><\/figure>\n\n\n\n<div class=\"wp-block-cover\" style=\"min-height:207px\"><span aria-hidden=\"true\" class=\"wp-block-cover__background has-background-dim-100 has-background-dim\" style=\"background-color:#009a79\"><\/span><div class=\"wp-block-cover__inner-container\">\n<h2 class=\"wp-block-heading\" id=\"h.kkx23hn133tq_l\"><a href=\"https:\/\/sites.google.com\/view\/artefolklaplata\/carreras\/carreras-tecnicatura-tango?authuser=0#h.kkx23hn133tq\"><\/a>DISE\u00d1O CURRICULAR DE LA CARRERA<br><br>TECNICATURA SUPERIOR INT\u00c9RPRETE CORE\u00d3GRAFO EN TANGO<\/h2>\n\n\n\n<p>RESOLUCI\u00d3N: 07\/09<\/p>\n\n\n\n<div class=\"wp-block-buttons is-layout-flex\">\n<div class=\"wp-block-button has-custom-width wp-block-button__width-25 is-style-fill\"><a class=\"wp-block-button__link wp-element-button\" href=\"https:\/\/drive.google.com\/file\/d\/1ENl8EbENRmzqARtK3Kg-xMtIEg2Qy4Me\/view\" style=\"border-radius:0px\" target=\"_blank\" rel=\"https:\/\/drive.google.com\/file\/d\/1GNaaUBsO1PAWP_2PS17NEsDdamdZN7Em\/view noopener\">DESCARGAR AQU\u00cd<\/a><\/div>\n<\/div>\n<\/div><\/div>\n\n\n\n<div class=\"wp-block-cover\" style=\"min-height:207px\"><span aria-hidden=\"true\" class=\"wp-block-cover__background has-background-dim-100 has-background-dim\" style=\"background-color:#009a79\"><\/span><div class=\"wp-block-cover__inner-container\">\n<h2 class=\"wp-block-heading\" id=\"h.kkx23hn133tq_l\"><a href=\"https:\/\/sites.google.com\/view\/artefolklaplata\/carreras\/carreras-tecnicatura-tango?authuser=0#h.kkx23hn133tq\"><\/a><strong>MODALIDAD DE ACREDITACI\u00d3N Y CORRELATIVIDADES<\/strong><br><br>TECNICATURA SUPERIOR INT\u00c9RPRETE CORE\u00d3GRAFO EN TANGO<\/h2>\n\n\n\n<div class=\"wp-block-buttons is-layout-flex\">\n<div class=\"wp-block-button has-custom-width wp-block-button__width-25 is-style-fill\"><a class=\"wp-block-button__link wp-element-button\" href=\"https:\/\/docs.google.com\/document\/d\/1bM0hvmUqwZXgTRe9eXwS-NJ5W1zF_nfo\/edit?usp=sharing&amp;ouid=100315031821735615003&amp;rtpof=true&amp;sd=true\" style=\"border-radius:0px\" target=\"_blank\" rel=\"noreferrer noopener\">DESCARGAR AQU\u00cd<\/a><\/div>\n<\/div>\n<\/div><\/div>\n","protected":false},"excerpt":{"rendered":"","protected":false},"author":1,"featured_media":0,"parent":702,"menu_order":3,"comment_status":"closed","ping_status":"closed","template":"","meta":[],"acf":[],"_links":{"self":[{"href":"https:\/\/edtalp-bue.infd.edu.ar\/sitio\/wp-json\/wp\/v2\/pages\/723"}],"collection":[{"href":"https:\/\/edtalp-bue.infd.edu.ar\/sitio\/wp-json\/wp\/v2\/pages"}],"about":[{"href":"https:\/\/edtalp-bue.infd.edu.ar\/sitio\/wp-json\/wp\/v2\/types\/page"}],"author":[{"embeddable":true,"href":"https:\/\/edtalp-bue.infd.edu.ar\/sitio\/wp-json\/wp\/v2\/users\/1"}],"replies":[{"embeddable":true,"href":"https:\/\/edtalp-bue.infd.edu.ar\/sitio\/wp-json\/wp\/v2\/comments?post=723"}],"version-history":[{"count":7,"href":"https:\/\/edtalp-bue.infd.edu.ar\/sitio\/wp-json\/wp\/v2\/pages\/723\/revisions"}],"predecessor-version":[{"id":2464,"href":"https:\/\/edtalp-bue.infd.edu.ar\/sitio\/wp-json\/wp\/v2\/pages\/723\/revisions\/2464"}],"up":[{"embeddable":true,"href":"https:\/\/edtalp-bue.infd.edu.ar\/sitio\/wp-json\/wp\/v2\/pages\/702"}],"wp:attachment":[{"href":"https:\/\/edtalp-bue.infd.edu.ar\/sitio\/wp-json\/wp\/v2\/media?parent=723"}],"curies":[{"name":"wp","href":"https:\/\/api.w.org\/{rel}","templated":true}]}}